 the units digit of 15893378?
8
What is the thousands digit of 76906030?
6
What is the thousands digit of 678269715?
9
What is the hundreds digit of 176003652?
6
What is the millions digit of 43793907?
3
What is the tens digit of 493243799?
9
What is the ten millions digit of 188214922?
8
What is the millions digit of 487613308?
7
What is the thousands digit of 43229142?
9
What is the millions digit of 1625022311?
5
What is the thousands digit of 7188684726?
4
What is the ten millions digit of 4743995862?
4
What is the ten thousands digit of 182766405?
6
What is the hundred millions digit of 2096636547?
0
What is the ten thousands digit of 5720311962?
1
What is the millions digit of 66037190?
6
What is the thousands digit of 768380386?
0
What is the hundreds digit of 498033088?
0
What is the hundreds digit of 185589176?
1
What is the millions digit of 54032847?
4
What is the millions digit of 44289144?
4
What is the ten thousands digit of 4866757910?
5
What is the units digit of 878134101?
1
What is the hundreds digit of 287212173?
1
What is the units digit of 710993370?
0
What is the ten millions digit of 152761158?
5
What is the thousands digit of 99123484?
3
What is the ten millions digit of 357277764?
5
What is the tens digit of 109456745?
4
What is the hundred thousands digit of 412571408?
5
What is the hundred thousands digit of 809317375?
3
What is the units digit of 5820244228?
8
What is the ten millions digit of 882404702?
8
What is the units digit of 74799954?
4
What is the tens digit of 12870266?
6
What is the units digit of 522508819?
9
What is the millions digit of 105819598?
5
What is the units digit of 363629775?
5
What is the units digit of 44268028?
8
What is the units digit of 488314389?
9
What is the tens digit of 1426684?
8
What is the hundred millions digit of 1101648041?
1
What is the hundreds digit of 42633667?
6
What is the ten millions digit of 67551887?
6
What is the hundreds digit of 62564313?
3
What is the tens digit of 3458014786?
8
What is the tens digit of 269578967?
6
What is the ten millions digit of 98037132?
9
What is the ten thousands digit of 1197261157?
6
What is the units digit of 4867364780?
0
What is the hundred thousands digit of 65778069?
7
What is the hundred thousands digit of 80211047?
2
What is the hundred thousands digit of 3801929752?
9
What is the hundreds digit of 73087259?
2
What is the ten thousands digit of 717334244?
3
What is the ten thousands digit of 185464848?
6
What is the hundreds digit of 2368974421?
4
What is the ten thousands digit of 850394450?
9
What is the tens digit of 2876313?
1
What is the units digit of 1450609?
9
What is the ten millions digit of 109469003?
0
What is the hundred millions digit of 1109739167?
1
What is the hundreds digit of 715599564?
5
What is the ten millions digit of 17122680?
1
What is the ten thousands digit of 30665178?
6
What is the units digit of 51304121?
1
What is the hundreds digit of 1017465?
4
What is the millions digit of 24749053?
4
What is the hundred thousands digit of 30312482?
3
What is the millions digit of 505014661?
5
What is the tens digit of 3107172590?
9
What is the ten millions digit of 52345098?
5
What is the hundred millions digit of 4030715279?
0
What is the ten millions digit of 1314282562?
1
What is the hundred thousands digit of 2273035595?
0
What is the ten thousands digit of 2449765435?
6
What is the units digit of 110721446?
6
What is the hundred thousands digit of 227861320?
8
What is the tens digit of 165543390?
9
What is the ten thousands digit of 132652564?
5
What is the hundreds digit of 233950260?
2
What is the thousands digit of 194648658?
8
What is the hundreds digit of 80610608?
6
What is the hundreds digit of 85911098?
0
What is the tens digit of 157640900?
0
What is the hundreds digit of 12066065?
0
What is the hundreds digit of 653254264?
2
What is the tens digit of 72066237?
3
What is the ten millions digit of 1328442336?
2
What is the ten millions digit of 704015213?
0
What is the hundred thousands digit of 286597862?
5
What is the hundred thousands digit of 1321094232?
0
What is the millions digit of 65949398?
5
What is the tens digit of 25778003?
0
What is the thousands digit of 106103842?
3
What is the millions digit of 451802332?
1
What is the millions digit of 152827656?
2
What is the tens digit of 231195159?
5
What is the hundred millions digit of 147312265?
1
What is the ten millions digit of 10013444?
1
What is the hundred thousands digit of 90426838?
4
What is the millions digit of 23200499?
3
What is the hundred thousands digit of 63505095?
5
What is the ten millions digit of 8239413190?
3
What is the thousands digit of 1407691073?
1
What is the ten thousands digit of 97476614?
7
What is the hundred thousands digit of 95989782?
9
What is the tens digit of 579930182?
8
What is the ten thousands digit of 110390166?
9
What is the hundred millions digit of 143844594?
1
What is the units digit of 685756880?
0
What is the ten millions digit of 532212051?
3
What is the units digit of 88004003?
3
What is the ten thousands digit of 96155160?
5
What is the hundreds digit of 38904173?
1
What is the hundred thousands digit of 167193204?
1
What is the tens digit of 498820461?
6
What is the ten thousands digit of 2598938?
9
What is the thousands digit of 16987310?
7
What is the units digit of 6412601349?
9
What is the ten millions digit of 742084973?
4
What is the thousands digit of 131619916?
9
What is the thousands digit of 114287936?
7
What is the ten millions digit of 627131977?
2
What is the millions digit of 62316580?
2
What is the ten millions digit of 85828728?
8
What is the ten thousands digit of 1056429703?
2
What is the units digit of 2788680?
0
What is the hundreds digit of 1821055657?
6
What is the hundred millions digit of 6340614250?
3
What is the hundreds digit of 627617684?
6
What is the thousands digit of 172571530?
1
What is the ten millions digit of 87861775?
8
What is the thousands digit of 73234792?
4
What is the units digit of 2453317457?
7
What is the units digit of 220646205?
5
What is the billions digit of 1662115367?
1
What is the ten millions digit of 108086214?
0
What is the tens digit of 25828843?
4
What is the hundred thousands digit of 1273031533?
0
What is the tens digit of 139573340?
4
What is the units digit of 1141029414?
4
What is the ten millions digit of 340597121?
4
What is the thousands digit of 5207449399?
9
What is the thousands digit of 17918573?
8
What is the ten millions digit of 947146883?
4
What is the tens digit of 23275679?
7
What is the hundreds digit of 383878527?
5
What is the thousands digit of 1649831065?
1
What is the tens digit of 64397861?
6
What is the ten thousands digit of 2986170615?
7
What is the billions digit of 1069490062?
1
What is the thousands digit of 81866062?
6
What is the thousands digit of 375368481?
8
What is the billions digit of 3494866081?
3
What is the millions digit of 200220199?
0
What is the ten millions digit of 36325702?
3
What is the units digit of 99673304?
4
What is the millions digit of 105160512?
5
What is the units digit of 41165571?
1
What is the ten thousands digit of 523629682?
2
What is the hundred thousands digit of 572926925?
9
What is the hundreds digit of 1738619949?
9
What is the thousands digit of 20343761?
3
What is the hundred thousands digit of 733231314?
2
What is the thousands digit of 376327395?
7
What is the billions digit of 1466943430?
1
What is the tens digit of 130797305?
0
What is the hundred millions digit of 116092023?
1
What is the thousands digit of 1876905369?
5
What is the units digit of 33005527?
7
What is the hundred thousands digit of 1857009386?
0
What is the tens digit of 165890577?
7
What is the hundreds digit of 1684434614?
6
What is the ten millions digit of 619656459?
1
What is the ten thousands digit of 42718113?
1
What is the billions digit of 3607146915?
3
What is the ten millions digit of 469649523?
6
What is the hundred thousands digit of 33802892?
8
What is the ten millions digit of 3596185887?
9
What is the ten thousands digit of 40094702?
9
What is the hundred thousands digit of 977652?
9
What is the hundred millions digit of 300495289?
3
What is the hundreds digit of 1453771